*q + 18. Suppose k = q*f - f - 40. What are the prime factors of f?
2
Suppose 0 = 215*l - 221*l + 738. What are the prime factors of l?
3, 41
Let u = 17 + -11. Suppose -u*l + 2*l = -8. What are the prime factors of l*-6*(4 - 5)?
2, 3
List the prime factors of 42 + (-2 - (2 + -1)).
3, 13
Let a be -1 - (-3 + 5) - -3. Suppose -3*l + 27 = -a*l. Suppose 7 = 2*i - l. What are the prime factors of i?
2
Let r(b) = b - 3. Let u be r(5). Suppose u*s + 4*m = 8, 0 = -s + 5*m - 2 + 6. Suppose 0*c + 5*i = -c + 9, 5*c + s*i = 45. List the prime factors of c.
3
List the prime factors of (4/(-1)*13)/(-1).
2, 13
Let d be ((-3)/(-4))/(2/(-8)). Let o be (-43)/d - (-2)/3. Let f = -6 + o. What are the prime factors of f?
3
Let d = 0 + 5. Suppose 0 = -d*m + 10 - 0. List the prime factors of m.
2
Let f = 23 - 12. Suppose -6*n = -f*n + 240. What are the prime factors of n?
2, 3
Let z = -3 - -4. Let v = z + -13. What are the prime factors of 0 + (-2 - v - 1)?
3
Let y be (-4)/(32/(-12))*66/(-9). Let i(x) be the second derivative of -x**5/20 - x**4 - 13*x**3/6 - 5*x**2 + x. List the prime factors of i(y).
2, 3
Let c be (1 - -2) + 6/(-2). Suppose -2*n = 6, -4*f + 3*n = -c*n - 205. Let t = f - 29. List the prime factors of t.
2, 5
Suppose 132 = -21*l + 27*l. What are the prime factors of l?
2, 11
Let i(b) = -6*b**2 - 2*b + 1. Let t be i(1). Let o = 12 + t. Suppose 5*s = v - 14 - 20, -20 = -o*v - 5*s. What are the prime factors of v?
3
Suppose f - 3*q - 39 = 0, 0*q = 4*f + 4*q - 92. Let i = f - 3. List the prime factors of i.
2, 3
Suppose -14 + 16 = -c. Let s(t) = -2*t + 4*t**2 - t**3 + 0 - 5*t**2 - 1. What are the prime factors of s(c)?
7
List the prime factors of 5 - (-2 - 510/2).
2, 131
Suppose 2*g + g - 5*h = 197, -5*h - 133 = -2*g. List the prime factors of g.
2
Suppose 0 = 3*k - 2 + 11. Let v = k - 0. What are the prime factors of (-5)/(5/v) + 7?
2, 5
Suppose 0 = -3*o - 18 + 279. List the prime factors of o.
3, 29
Suppose -k - 4*y = -5*k - 120, 3*y + 127 = -4*k. Let r = -5 - k. List the prime factors of r.
2, 13
Let t(g) = -g**3 + 10*g**2 + 13*g + 1. List the prime factors of t(11).
23
List the prime factors of 5 - (-179 + -1 + -2).
11, 17
Suppose m - 10 = 4*n, 4*m + 5*n = -1 - 1. Suppose 0 = m*a + 6 - 42. List the prime factors of a.
2, 3
Let i(o) = -o**3 - 9*o**2 + 2*o + 12. Let y be i(-9). Let c = y + 32. List the prime factors of c.
2, 13
Let d(h) = 3*h**2 + 7*h + 19. List the prime factors of d(-6).
5, 17
Let s = 5 + -11. Let p = s + 10. What are the prime factors of p?
2
Let v = 64 + -33. List the prime factors of v.
31
Let u(l) = 7*l**2 - 9*l + 5. Let g(y) = 10*y**2 - 14*y + 8. Let k(j) = -5*g(j) + 7*u(j). Let h be k(4). Suppose -h = -x - 1. List the prime factors of x.
2, 3
Suppose -8 = -4*s + 12. Suppose -3*q + 102 = -q - 2*n, s*q - 253 = 3*n. What are the prime factors of q?
2, 5
Let w be (-1 + 1)/(1 - 2). Suppose w = -5*z + 5, -4*g = -z - 17 + 2. List the prime factors of g.
2
Let j(b) = b**3 - 7*b**2 + 2*b - 3. Let v(l) = -l**2 - 8*l + 2. Let z be v(-4). Let p be (-122)/(-18) + 4/z. List the prime factors of j(p).
11
Suppose -2*z = -5*a - 86, z + 2*a = 3*z - 74. List the prime factors of z*(-4 - (-42)/9).
2, 11
Suppose -4 - 20 = -4*n. What are the prime factors of n?
2, 3
Let h(i) = -i**2 - i + 11. Let x(y) = y - 1. Let d be x(1). List the prime factors of h(d).
11
Suppose 3*o + 8 = 23. Suppose -2*k + 5*f - 20 = 0, -14 = -5*k - o*f + 6. Suppose k = -5*j - 2*z - z + 46, -3*j = -3*z - 42. List the prime factors of j.
11
Suppose -q - 5*m - 5 = -2*q, -4*m = -5*q + 4. Suppose -2*k - 1 + 5 = q. What are the prime factors of (8/(-6) + k)*3?
2
Let j = -1 + 1. Let d(l) = l + 9. List the prime factors of d(j).
3
Let y = 34 - 19. What are the prime factors of y?
3, 5
Let g(q) = 5*q**2 - q - 1. Let a be g(2). Let m = 35 - a. Suppose -4*d - m = -74. List the prime factors of d.
2, 7
Let g(i) = -i**3 - 10*i**2 - 10*i - 6. Let s be g(-9). Suppose 3*v = 0, 3*v = -s*r - 0*v + 81. List the prime factors of r.
3
List the prime factors of (-24706)/(-77) - (-12)/(-14).
2, 5
What are the prime factors of ((-12)/(-14))/(5/245)?
2, 3, 7
Let m = 46 - 27. Let g = 31 - m. What are the prime factors of g?
2, 3
Let o be 3 - 1*(2 + -2). Let v be 36 - 0/(o - 1). Suppose -5*i + v = -i. What are the prime factors of i?
3
Let i = 88 - 10. What are the prime factors of i?
2, 3, 13
Suppose -1 = h - 3. Let n be ((-12)/(-14))/(h/14). Let d = -3 + n. List the prime factors of d.
3
Suppose 4*w - 6 = -18, 2*w = -5*x + 774. What are the prime factors of x?
2, 3, 13
Let z(m) = -2*m - 6. Let s = 4 - 8. List the prime factors of z(s).
2
Suppose -4*n + 12 = -12. Let j = 10 - n. Suppose -12 + 68 = j*x. List the prime factors of x.
2, 7
Let n = 1 - 2. Let d = n + 2. Suppose 0 = 3*l - 15, -3*l = 5*u - d - 29. List the prime factors of u.
3
What are the prime factors of ((-148)/8)/(8/(-96))?
2, 3, 37
Let k(v) = -v**3 + 6*v**2 - 3*v + 2. Let q be 4/10*20/8. Let m(i) = 6*i**2 - 2*i + 1. Let t be m(q). What are the prime factors of k(t)?
2, 3
Let k be 1*(-60)/(-4 - -2). What are the prime factors of (k/(-4))/((-6)/8)?
2, 5
Let u(s) = s**2 - 11*s + 12. List the prime factors of u(12).
2, 3
Let b(w) = w - 20. Let k be b(0). Let i be (24/(-20))/((-6)/k). List the prime factors of (-1)/2 - 10/i.
2
Suppose 5*i = -g - 30, -g = 2*i + 13 + 2. Let w(q) = 4*q. Let t(h) = 7*h - 1. Let l(c) = i*w(c) + 3*t(c). What are the prime factors of l(6)?
3
Let b(h) = h - 2. Let o be b(0). Let d be (6/8)/(o/8). What are the prime factors of (-6)/9*d - -1?
3
Suppose 450 = -r + 6*r. List the prime factors of r.
2, 3, 5
Let b(u) = -2*u - 7. Suppose 7 = -y - s, -7 + 3 = 2*y - 3*s. Let f be b(y). Suppose g = 13 + f. List the prime factors of g.
2
Suppose 5*s = -x + 61, 5*x - 305 = s + 2*s. Suppose l = -4*r - 0*l - x, 0 = 4*r - l + 67. Let m = 24 + r. List the prime factors of m.
2
Let o = 30 + 24. Suppose -o = 5*t - 8*t. What are the prime factors of t?
2, 3
What are the prime factors of (0 + 6 - -180) + 4?
2, 5, 19
Let x(o) = 3*o - 7. Let b be x(3). Suppose -4*c = -3*c + 5*l - 9, -b*c + l + 40 = 0. List the prime factors of c.
19
Let k(q) = -q**3 - 15*q**2 + 8*q. Let l be k(-11). List the prime factors of l/(-33) - (-2)/(-6).
17
Let a(i) = 5*i - 10. Let n be a(10). Suppose 3*u = -2*u + n. What are the prime factors of u?
2
Suppose 5*c + 5 = -5*f, 3*c = 3*f + 8*c + 11. Suppose f*d + d - 68 = 0. What are the prime factors of d?
17
Let s be 9 - 0/(2 - 1). Suppose 4*m - 20 = 3*p + 2*p, 20 = -2*m - 5*p. Suppose -5*j - t + 15 + s = m, -2*t = 2*j - 16. List the prime factors of j.
2
Suppose -5*c = 4*u + 39, 5*c = -u - 8 - 13. Let k(v) = 2*v**3 - 2*v**2 - 2*v + 1. Let x be k(2). List the prime factors of (-20)/1*(x + u).
2, 5
Let f(t) = -t**3 + t**2 + 2*t - 2. Let i be f(2). Let r be 1 + 12 + (i - -1). Suppose 0 = -5*x + r + 13. List the prime factors of x.
5
Let q(l) = 7 - l - l**3 - 4*l - 8*l**2 - l. Let s be q(-7). Let f = 2 - s. List the prime factors of f.
2
Suppose -p + 3*p - 4 = -5*m, -3*m + 3*p + 15 = 0. What are the prime factors of 3 + 100/4 + m?
2, 3, 5
Suppose -p + 5 = -5*a, -2*p + 5*a = -8 + 3. Suppose -5*j + 3*h + 122 = p, 3*j - j + 2*h = 36. List the prime factors of j.
2, 11
Let j = -19 + 19. List the prime factors of 23 + j - (-10)/(-5).
3, 7
Let m = -11 + -12. Let g = 43 + m. List the prime factors of g.
2, 5
Let h(f) = -f - 1. Let n be h(-4). Let m(r) = 3*r**2 - 4*r + 4. Let b be m(n). Suppose 2*p = b + 3. List the prime factors of p.
11
Suppose 0 = -q - 0*q + 43. List the prime factors of q.
43
Let r be 9/(-6)*(-1 - 1). Let b be (16/r)/((-8)/(-12)). What are the prime factors of 1*13*(b + -7)?
13
Let l(d) = -d**3 + 12*d**2 - d + 26. What are the prime factors of l(12)?
2, 7
Let s(n) = 4*n - 8. Let a be s(7). List the prime factors of 2 + a - 1*2.
2, 5
Let v be 6/(-2)*138/18. Let j = -12 - v. List the prime factors of j.
11
Let p be (6/4)/(9/18). Suppose -3*q + 75 = 4*i, 5*q = -8 - 7. Suppose i = -p*c + 60. List the prime factors of c.
13
Suppose -20 = -5*b - 5*a, -5*a = -1 + 6. List the prime factors of b.
5
Let t = -10 + 21. Suppose t = 2*d + 3. Suppose -n = -4*b, -b + 4*b = d*n - 26. List the prime factors of n.
2
Suppose 0 = h - 3*h. List the prime factors of (h - 0) + 4/2.
2
Let c(x) = 0 - 1 + x + 2 + x**2 + 2. Li